e 6) to base 14.
-29
What is -2 (base 4) in base 2?
-10
Convert 38 (base 10) to base 12.
32
110110 (base 2) to base 9
60
What is 4 (base 5) in base 7?
4
Convert 1131 (base 5) to base 7.
325
Convert -8 (base 14) to base 15.
-8
c9 (base 15) to base 4
2331
-1 (base 10) to base 14
-1
Convert -3 (base 7) to base 3.
-10
-12 (base 6) to base 14
-8
Convert -1 (base 7) to base 10.
-1
-11 (base 2) to base 16
-3
What is -2 (base 13) in base 10?
-2
Convert -10 (base 14) to base 15.
-e
3200 (base 5) to base 2
110101001
What is 22 (base 3) in base 14?
8
What is -26 (base 13) in base 16?
-20
Convert 3 (base 5) to base 2.
11
-4 (base 10) to base 11
-4
What is 63 (base 15) in base 8?
135
What is -2 (base 3) in base 13?
-2
-c (base 15) to base 4
-30
9 (base 16) to base 10
9
-4 (base 8) to base 3
-11
Convert -2 (base 3) to base 14.
-2
What is -4 (base 14) in base 10?
-4
-30 (base 7) to base 8
-25
113 (base 9) to base 8
135
Convert 11000101 (base 2) to base 15.
d2
-2 (base 6) to base 4
-2
What is 4 (base 5) in base 9?
4
What is 3 (base 15) in base 12?
3
Convert -20 (base 3) to base 2.
-110
Convert 15 (base 7) to base 4.
30
12 (base 3) to base 8
5
What is 10 (base 7) in base 8?
7
Convert 254 (base 6) to base 2.
1101010
Convert 10 (base 8) to base 6.
12
100 (base 2) to base 11
4
What is -6 (base 11) in base 13?
-6
What is 232 (base 4) in base 9?
51
Convert -2 (base 9) to base 3.
-2
Convert 3 (base 13) to base 2.
11
30 (base 10) to base 7
42
35 (base 16) to base 9
58
What is -1a (base 11) in base 15?
-16
Convert 251 (base 7) to base 11.
112
What is -40 (base 5) in base 12?
-18
Convert 10 (base 3) to base 14.
3
Convert -11 (base 15) to base 3.
-121
What is 111 (base 9) in base 5?
331
4 (base 12) to base 15
4
-22 (base 3) to base 16
-8
0 (base 4) to base 12
0
What is 16 (base 11) in base 5?
32
Convert -101 (base 2) to base 14.
-5
-19 (base 14) to base 11
-21
3 (base 8) to base 15
3
Convert -a (base 11) to base 3.
-101
What is -32 (base 8) in base 14?
-1c
Convert -1220 (base 5) to base 9.
-225
What is 9 (base 11) in base 2?
1001
5e (base 16) to base 10
94
-12 (base 4) to base 3
-20
What is 0 (base 13) in base 6?
0
Convert 42 (base 5) to base 16.
16
-4 (base 8) to base 16
-4
What is -1112 (base 3) in base 7?
-56
What is 46 (base 13) in base 8?
72
What is 301 (base 8) in base 2?
11000001
Convert 1 (base 12) to base 4.
1
What is -24 (base 16) in base 13?
-2a
2a (base 13) to base 2
100100
What is -1a6 (base 11) in base 12?
-179
What is 16 (base 7) in base 10?
13
-65 (base 7) to base 11
-43
What is -4 (base 7) in base 14?
-4
What is 24 (base 12) in base 2?
11100
What is 1 (base 2) in base 12?
1
What is 86 (base 14) in base 9?
141
What is 8 (base 16) in base 7?
11
12 (base 4) to base 5
11
-132 (base 4) to base 7
-42
Convert -10 (base 2) to base 15.
-2
-231 (base 8) to base 5
-1103
Convert -1 (base 12) to base 15.
-1
-aa (base 14) to base 6
-410
Convert 3 (base 7) to base 16.
3
What is 4 (base 8) in base 10?
4
-48 (base 11) to base 16
-34
Convert 1 (base 8) to base 10.
1
What is -18 (base 13) in base 9?
-23
What is 10010 (base 2) in base 10?
18
What is -40 (base 8) in base 10?
-32
Convert -3 (base 10) to base 11.
-3
Convert 441 (base 5) to base 12.
a1
What is -15 (base 13) in base 5?
-33
14 (base 8) to base 6
20
What is -5 (base 9) in base 12?
-5
Convert -2 (base 11) to base 16.
-2
Convert -23 (base 4) to base 10.
-11
What is 4 (base 11) in base 12?
4
1121 (base 3) to base 14
31
What is -12110 (base 3) in base 14?
-a7
Convert -253 (base 13) to base 8.
-626
What is 14 (base 7) in base 8?
13
66 (base 8) to base 16
36
Convert -22 (base 9) to base 5.
-40
-10 (base 10) to base 12
-a
Convert 12a (base 12) to base 9.
217
What is 1010 (base 3) in base 11?
28
Convert 0 (base 2) to base 11.
0
Convert 12 (base 10) to base 16.
c
Convert 0 (base 9) to base 2.
0
Convert 16 (base 11) to base 5.
32
Convert -19 (base 14) to base 5.
-43
4 (base 5) to base 4
10
What is -3 (base 13) in base 8?
-3
-2 (base 14) to base 6
-2
Convert -1012 (base 4) to base 15.
-4a
-21 (base 10) to base 8
-25
1 (base 16) to base 3
1
1a2 (base 12) to base 11
222
-94 (base 10) to base 14
-6a
Convert 13 (base 6) to base 8.
11
What is 13 (base 7) in base 15?
a
0 (base 15) to base 11
0
Convert -16 (base 7) to base 10.
-13
What is -245 (base 6) in base 13?
-7a
Convert -1a (base 16) to base 4.
-122
0 (base 8) to base 12
0
What is 4 (base 5) in base 9?
4
Convert -40 (base 6) to base 14.
-1a
Convert -27 (base 9) to base 3.
-221
114 (base 10) to base 14
82
What is 9 (base 12) in base 8?
11
1121 (base 5) to base 15
ab
213 (base 8) to base 11
117
What is 413 (base 5) in base 6?
300
4 (base 6) to base 3
11
-621 (base 7) to base 11
-261
What is -1 (base 2) in base 11?
-1
What is -32 (base 6) in base 3?
-202
10 (base 13) to base 4
31
Convert 122 (base 3) to base 9.
18
What is -101 (base 3) in base 10?
-10
What is -1010 (base 2) in base 8?
-12
What is 5 (base 11) in base 12?
5
-144 (base 5) to base 12
-41
8 (base 12) to base 8
10
100 (base 2) to base 7
4
4 (base 10) to base 5
4
Convert 11 (base 12) to base 9.
14
8 (base 10) to base 7
11
What is -2 (base 7) in base 3?
-2
6 (base 10) to base 3
20
Convert 3 (base 4) to base 2.
11
-3 (base 11) to base 9
-3
44 (base 9) to base 7
55
Convert 110 (base 2) to base 12.
6
-433 (base 5) to base 6
-314
What is -11110 (base 2) in base 8?
-36
What is 0 (base 15) in base 14?
0
What is -223 (base 6) in base 15?
-5c
What is -130 (base 5) in base 14?
-2c
What is 119 (base 10) in base 7?
230
What is 0 (base 14) in base 10?
0
-12 (base 5) to base 14
-7
-34 (base 5) to base 13
-16
Convert -110 (base 6) to base 14.
-30
What is 1 (base 8) in base 7?
1
Convert 6 (base 12) to base 13.
6
What is -1 (base 10) in base 8?
-1
-40 (base 10) to base 2
-101000
Convert -1100101 (base 2) to base 14.
-73
Convert -3 (base 7) to base 3.
-10
Convert -7 (base 11) to base 16.
-7
What is -138 (base 10) in base 16?
-8a
What is 27 (base 15) in base 2?
100101
-3 (base 14) to base 4
-3
Convert 1 (base 2) to base 8.
1
20 (base 5) to base 14
a
Convert 1000110 (base 2) to base 4.
1012
1211 (base 3) to base 7
100
What is -10 (base 4) in base 5?
-4
210 (base 6) to base 4
1032
Convert -52 (base 7) to base 10.
-37
Convert 2 (base 7) to base 6.
2
0 (base 2) to base 14
0
What is -12 (base 4) in base 14?
-6
-11 (base 3) to base 6
-4
Convert 10010 (base 2) to base 12.
16
What is -27 (base 14) in base 7?
-50
Convert 122 (base 3) to base 5.
32
What is -3 (base 5) in base 9?
-3
What is 5c (base 16) in base 8?
134
What is -4 (base 16) in base 3?
-11
Convert -63 (base 10) to base 16.
-3f
20 (base 7) to base 16
e
42 (base 5) to base 11
20
What is -210 (base 7) in base 14?
-77
What is -11 (base 2) in base 9?
-3
What is -1a (base 11) in base 6?
-33
What is 20 (base 10) in base 15?
15
-34 (base 15) to base 12
-41
Convert 10 (base 4) to base 2.
100
What is -a (base 15) in base 9?
-11
8 (base 16) to base 4
20
What is 5 (base 11) in base 14?
5
2 (base 3) to base 16
2
What is 1 (base 9) in base 5?
1
-1331 (base 5) to base 12
-160
-12 (base 5) to base 6
-11
Convert 23 (base 10) to base 12.
1b
Convert -7 (base 14) to base 15.
-7
3 (base 5) to base 9
3
Convert -46 (base 16) to base 13.
-55
-9 (base 13) to base 12
-9
Convert 24 (base 7) to base 12.
16
c (base 14) to base 10
12
Convert 10 (base 8) to base 7.
11
Convert 101111 (base 2) to base 16.
2f
5 (base 16) to base 10
5
What is 6 (base 8) in base 12?
6
What is -30 (base 8) in base 10?
-24
Convert -4 (base 13) to base 12.
-4
Convert -a6 (base 15) to base 3.
-12210
What is 132 (base 4) in base 2?
11110
Convert -340 (base 5) to base 16.
-5f
-10 (base 2) to base 4
-2
-1 (base 7) to base 15
-1
-15 (base 11) to base 9
-17
318 (base 10) to base 13
1b6
-520 (base 8) to base 15
-176
Convert -2 (base 16) to base 9.
-2
Convert 8 (base 9) to base 2.
1000
What is -51 (base 10) in base 8?
-63
What is -3 (base 4) in base 9?
-3
17a (base 12) to base 7
460
What is 17 (base 13) in base 14?
16
-3 (base 12) to base 11
-3
18 (base 9) to base 12
15
-155 (base 6) to base 2
-1000111
8 (base 13) to base 9
8
-8 (base 16) to base 2
-1000
1c (base 15) to base 11
25
What is -c (base 15) in base 6?
-20
What is 1242 (base 6) in base 9?
378
Convert -6 (base 11) to base 13.
-6
12 (base 8) to base 16
a
1 (base 12) to base 15
1
-6 (